/(1/3). What is the units digit of (5 - 7) + s*4?
8
What is the tens digit of 279 - 8/(-12)*6/(-4)?
7
Suppose 0 = -4*o + 1 - 5. Let g = -8 + 6. What is the tens digit of 22*o/g*1?
1
Suppose -140 = -4*j - 2*x - x, 4*j - 112 = 4*x. What is the units digit of j?
2
Let w(t) = -21*t - 1. Let s(d) = d**3 - d**2 - d. Let g be s(-1). What is the tens digit of w(g)?
2
Suppose 3*d - 10 = 14. Suppose -4*q = -4*m + 12, m + q + 3*q - d = 0. What is the tens digit of 10*(m + (0 - 3))?
1
Suppose 3*i + 2*i - 484 = -3*n, 2*n - 486 = -5*i. What is the tens digit of i?
9
Let b be (10/(3 - 4))/(-2). Let u(g) = g**2 - g + 4. What is the tens digit of u(b)?
2
Let t(r) = 3*r - 4. Suppose 4*q = -4 + 24. Suppose -3*y + q = -7. What is the units digit of t(y)?
8
Let s(n) = n**3 - 7*n**2 + 9*n - 6. What is the units digit of s(6)?
2
Let y(l) = -28*l - 2. Let j be y(-1). Let f = j - 4. What is the tens digit of f?
2
Let d = -40 - -68. Suppose 88 - d = 4*h. What is the units digit of (1 - (-6)/(-9))*h?
5
Let t(s) = s**2 + 13*s + 2. What is the units digit of t(-13)?
2
Suppose -2*i + 7 = 3*y, -1 + 9 = 5*i - 2*y. Suppose -5*x = 4*s - 97 - 5, -4*s + 96 = i*x. What is the units digit of s?
3
Let p(w) = 97*w - 1. What is the tens digit of p(1)?
9
Let u = 22 - 20. What is the tens digit of (-4 + 9 - u) + 35?
3
Suppose -2*c - c + d = -359, -5*d + 585 = 5*c. What is the tens digit of c?
1
Let f = 8 + -7. Suppose 0 = s - 5*y - 22, 4*s - 5*y - 29 = -1. Suppose 4*w - 32 = -4*j, f = s*w - 5*j - 1. What is the units digit of w?
6
What is the units digit of ((-4)/1)/(-16) - (-3021)/12?
2
Suppose a + 4*h - 73 = 0, -4*a - h = a - 270. What is the units digit of a?
3
What is the tens digit of 1*-3 - (-111 + -19)?
2
Let t(n) = 17*n + 1. What is the tens digit of t(3)?
5
Let g(h) = 2*h**2 - 2*h + 1. Let a be g(2). Let w(t) = -t + 7. What is the units digit of w(a)?
2
Let m(a) = -a**2 + 3*a - 2. Let d be m(5). Let k(u) = -u**3 - 12*u**2 - 2*u + 2. What is the tens digit of k(d)?
2
Suppose -4*h + 68 = 2*t, 4*h + 31 = -5*t + 87. What is the tens digit of h?
1
Let y(t) = t**3 - 7*t**2 + 9*t - 9. Let j be y(7). Suppose -5*i = -4*l + j - 3, -2*l + 30 = -4*i. What is the units digit of l?
9
Let q(y) = -2*y + 2. Let u(k) = -3*k + 5. Let h(r) = 7*q(r) - 3*u(r). What is the units digit of h(-2)?
9
Let u = 5 - 1. Suppose 3*f = -0*f + 6. Suppose -f*l - 22 = -u*l. What is the units digit of l?
1
Let b(k) = k - 3. Let x(n) = -n**3 - 3*n**2 + 3. Let u be x(-3). Let i be b(u). Suppose -5*c + q = -0*q - 13, i = -3*c + 2*q + 12. What is the units digit of c?
2
Let k(g) = 2*g**2 - 23*g + 28. What is the units digit of k(13)?
7
Let y = 3 + -1. Let b be 14*6/(-4)*(-2)/3. Suppose -b = -4*k + y. What is the units digit of k?
4
Suppose -9*m + 37 = -8. What is the units digit of m?
5
What is the tens digit of -1*7*(-10 - 1)?
7
Let g = -7 - -5. What is the units digit of (g - (0 + -3))*8?
8
What is the units digit of (-1 - -127) + 4 + -9?
1
Let n(t) be the second derivative of -t**5/20 + 2*t**4/3 - 3*t**3/2 + 3*t**2/2 + t. What is the units digit of n(6)?
1
Let h = -8 + 18. Let o = 7 - h. What is the units digit of (38/(-6))/(o/9)?
9
Suppose -5*d + 4*g + 0*g = -294, 2*d = 4*g + 120. What is the units digit of d?
8
Let i(y) = -y**2 + 4*y + 8. Suppose 4*l - 4*s = 32, 2*s + 2 = -2. Let x be i(l). What is the units digit of (-31)/(-11) + x/(-22)?
3
Let z(w) = w**3 - 5*w**2 - 11*w + 4. Let m(y) = -y - 1. Let n be m(-8). Let a be z(n). Suppose a = 4*p - 15. What is the tens digit of p?
1
Let r(m) = -4*m - 4. Let z be r(-3). Suppose -12 = -2*d - 3*s, -z*s = -5*s + 12. Suppose k - d = -3*k. What is the units digit of k?
3
Let h(v) be the third derivative of v**5/30 - v**4/24 - v**3/6 - 2*v**2. What is the units digit of h(4)?
7
Let x(r) be the second derivative of r**6/240 - r**5/120 - r**4/6 + r. Let m(z) be the third derivative of x(z). What is the units digit of m(1)?
2
Suppose 0 = 5*i + 5*l - 180, 2*i - l = 2*l + 97. What is the tens digit of i?
4
Suppose 8*y - 3*y - 40 = 0. Suppose -4 = 4*r - y. What is the units digit of r?
1
Let v(z) = z**3 - 9*z**2 - 7*z + 7. What is the tens digit of v(10)?
3
Let q be -22 - (-4)/(3 - 5). Suppose 7 = 5*w - 3*f, 4*w - 8 = f - 1. What is the tens digit of q/(-1*3) + w?
1
Suppose 0*o = -2*o + 142. What is the units digit of o?
1
Suppose 0 = 3*y + 4*j - 5, y + 11 + 2 = -5*j. What is the units digit of y?
7
Let g(p) = -p**2 + 10*p + 2. What is the units digit of g(9)?
1
Let g(c) = 7*c**3 + 7*c**2 + 5*c - 10. Let b(a) = -13*a**3 - 13*a**2 - 9*a + 19. Let v(d) = -6*b(d) - 11*g(d). What is the units digit of v(3)?
9
Suppose 713 = 4*u + 85. What is the tens digit of u?
5
Let u = -20 - -23. Let h be (10/8)/(2/8). Suppose -l = 2*a + h - 19, -2*l + u*a = -28. What is the tens digit of l?
1
Suppose 5*z = -2*z + 1729. What is the tens digit of z?
4
Let m be (4/3)/(3/9). Suppose -m*l - 43 = -2*g - 1, g - 4*l = 23. What is the units digit of g?
9
Let z(p) = 5*p**3 - p**2 - p - 1. Suppose 2*n - 4*n = 2. Let m be z(n). What is the tens digit of 19 - (2 - m/(-3))?
1
Let z = -2 - -4. Let o = 3 + z. Suppose o*g = -2*p + 11, 6*g + 11 = 5*p + 2*g. What is the units digit of p?
3
Suppose -272 = -2*o - 16. What is the tens digit of o/10 + (-6)/(-30)?
1
Suppose -5*b = -3*o + 92, -3*o + 2*o + 24 = 5*b. What is the units digit of o?
9
Let s(j) = 6 - 2 + 7*j - 3*j**2 + 0 + 2*j**2. What is the tens digit of s(4)?
1
Suppose j = -8*y + 3*y + 64, 0 = -5*j + 20. Let x = -6 + y. Suppose 2*o = x*o - 4, -o - 3 = -k. What is the units digit of k?
4
Let q(k) = 12*k**2 - 1. Let z(c) be the second derivative of c**3/6 + c**2 - 3*c. Let i be z(-3). What is the units digit of q(i)?
1
Let w = 11 + -7. Suppose -21 - 19 = -w*p. What is the units digit of p?
0
What is the units digit of 2 + 1 + -5 + 12?
0
Let z be 2*1 - 2/2. Suppose 2*q + q = -d - 1, 3*q + 2*d - z = 0. Let v = 5 + q. What is the units digit of v?
4
Let d(v) = v + 5. Let w(r) = -r + 4. Let h be w(8). Let o be d(h). What is the units digit of 3 + (o/1 - 3)?
1
Suppose -3*i = 5*q + 22, i + 2*q - 11 = 4*q. What is the units digit of i?
1
Let f = 66 - 47. What is the tens digit of f?
1
Let t = -78 - -131. What is the units digit of t?
3
Suppose 0*v + 3*y + 35 = 5*v, 31 = 4*v - 3*y. Let j(s) = -s**2 + 0*s**2 + v*s - 5 + 3*s. What is the units digit of j(6)?
1
Suppose -3 - 1 = -2*t. What is the tens digit of t - (20 - -1)*-2?
4
Suppose 193 = -24*v + 25*v. What is the units digit of v?
3
Suppose 0 = 5*w - 4*w - 9. What is the units digit of w?
9
Let c be 492/14 + (-2)/14. Suppose 5*l - n = c, 2*n - 29 = -3*l + n. What is the units digit of l?
8
Let d(i) be the second derivative of -i**3/6 + 3*i**2 + 3*i. What is the units digit of d(4)?
2
Let y be 2 + 2/(-1) + 3. Suppose 0 = -2*f + 5*m + 6, f + y*m = -m + 29. What is the tens digit of f?
1
Suppose 0 = 3*g + 2*p - 4 - 2, -4*p + 4 = 4*g. Let h = 10 - g. Let l(q) = 2*q - 4. What is the units digit of l(h)?
8
Let k(d) = 4*d**2 + 9 - 7*d - 4*d**2 + d**2. What is the units digit of k(6)?
3
Let f = 7 + -7. Suppose f*q = -q, -5*j - 2*q + 20 = 0. Suppose 0 = j*w - 0*w - 64. What is the units digit of w?
6
Let r(v) = 69*v - 4. What is the units digit of r(3)?
3
Suppose 2*l - 1 + 3 = 0, -2*l = -4*s + 154. What is the tens digit of s?
3
Suppose -33 = -v + 2*v. Suppose 263 = -5*s - 4*b, -2*s + 4*b - 92 = -b. Let n = v - s. What is the units digit of n?
8
Let j(k) = k**3 + 4*k**2 - 3*k - 3. Let l be ((-4)/10)/((-9)/135). Let f(r) = -r + 2. Let b be f(l). What is the units digit of j(b)?
9
Let f(s) = s**3 - 6*s**2 - 3*s + 2. What is the units digit of f(7)?
0
Let r(o) = -13*o**3 + 2*o**2 + 5*o**3 - 5*o**2 + 7*o**3 + 3*o. What is the units digit of r(-4)?
4
Let o(j) = 21*j**2 + 4. What is the units digit of o(-2)?
8
Suppose 0*p - 10 = -5*p. Suppose 5*u - y = 92, p*u = -y - 2*y + 47. What is the tens digit of u?
1
Suppose -5*o = 4*p + 825 + 175, 0 = -3*o. Let n be p/(-6) - (-2)/6. Suppose -n = -4*v + 30. What is the tens digit of v?
1
Let i(z) = 3 + 3 + z + 0*z - 5. What is the units digit of i(5)?
6
Suppose 350 + 150 = 5*y. What is the tens digit of y?
0
Let p be (-1 - -2) + 3/3. Suppose -4*a + 18 = p*t, -4*t - 4*a + 2*a = -24. Suppose -31 = -4*d + 3*q, t*d + 2*q + 2*q = 62. What is the units digit of d?
0
Suppose 0 = 4*n - 8, 4*d 